 first derivative of -w**2 + 6*w - 2. Suppose -8*k = -3*k - 25, 0 = 2*u - 3*k + 5. What is m(u)?
-4
Let r(y) = -y**2 - 6*y - 6. Suppose 2*g + 30 = -3*g. Determine r(g).
-6
Let g(u) be the second derivative of -u + 7/6*u**3 + 0 - 7/12*u**4 + 1/20*u**5 - 5/2*u**2. Suppose -2*p + 3*v + 17 = 2, 0 = -3*v - 3. What is g(p)?
1
Let i(m) = -1 + 15*m - 18*m + 9. Give i(6).
-10
Let x(u) = -u - 1. Suppose 4 = -5*p - 4*v - 5, 18 = -2*p + 2*v. What is x(p)?
4
Suppose -i + 15 = -0*i. Suppose i = 3*o - 2*h, -3*h - 11 = -2. Let k(w) = 3*w + 5*w**2 - 2*w**o - w + 3*w**3. Give k(-2).
8
Let c = 14 + -8. Let o be (4/(-2))/(c/15). Let v(s) = -s**2 - 6*s - 3. What is v(o)?
2
Let p(y) be the third derivative of y**6/120 + y**5/30 - y**4/4 - y**3/6 + y**2. Let q(a) = 11*a + 7. Let l be q(-1). Determine p(l).
-9
Let a(x) = -19*x + 2. Let u(c) = -9*c + 1. Let r(d) = -6*a(d) + 13*u(d). Let m(q) = 4*q - 1. Let p be (0 - 2)*(-5)/2. Let o(i) = p*m(i) + 6*r(i). What is o(5)?
11
Let o = 6 + -3. Let w(b) = -3*b**3 + 3*b**2 + 2*b**3 + 2 + 0*b**o + 2. Calculate w(3).
4
Suppose -2*k - 2*q - 5 = q, 5*k = 5*q + 25. Let w(n) = -2*n**k + n**2 - 7*n - 4*n + 7*n. Determine w(-2).
4
Let i(v) be the first derivative of v**3/3 + 5*v**2/2 - v - 39. Determine i(-6).
5
Let z(y) = -y**3 + 3*y**2 - 3*y. Suppose 0 = 5*j - 2*s - 0*s - 43, 33 = 3*j - 3*s. Suppose -3*l = p - 6 + 2, -2*p + 8 = -l. Suppose -j = -n - p. Determine z(n).
-9
Let x(d) = 1. Let b = -4 + 5. Let i(c) = -c - 3. Let m(u) = b*i(u) + 6*x(u). What is m(5)?
-2
Let l = 16 + -11. Let c(a) = 2 + l - 8*a - 5 + 6*a. Calculate c(-6).
14
Let p be (-4)/(0 + 1) + 0. Let d(s) = 2*s**2 + 4*s**3 + 0*s + 2*s + 3*s**2 - 3 - 3*s**3. Calculate d(p).
5
Let n(u) = -2*u + 5. Let q(x) = 2*x - 6. Let j(d) = 5*n(d) + 4*q(d). Give j(3).
-5
Let i(c) be the third derivative of c**6/120 - 11*c**5/60 + c**3/6 - 29*c**2. Determine i(11).
1
Let z(o) be the second derivative of -o**5/20 + o**4/4 - o**3/3 - 3*o. Let j be (2 - 3)/(2/(-4)). Give z(j).
0
Let m be 0 + (3 - 11/(-1)). Suppose -b = b + m. Let k(p) = p + 1. What is k(b)?
-6
Let z(y) = -y**3 + 11*y**2 - 3*y + 3. Let x(t) = -2*t**3 + 21*t**2 - 6*t + 5. Let p be 1 - (7/(-1) - 3). Let i(m) = p*z(m) - 6*x(m). What is i(3)?
-6
Suppose -3*a = 2*a. Let r(l) = a - l**2 + 0. Suppose -5*i + 13 = 3. Calculate r(i).
-4
Let c(m) = m**3 + m**2 + 2*m + 3. Let u be -3 + 0 + 0 + 1. Give c(u).
-5
Let u(q) = q**2 + 8*q + 7. Let x(o) = -o**3 - 6*o**2 + 4. Let k be x(-6). Suppose -k*l - 4*i = -0*i + 32, -3*l - 12 = -3*i. What is u(l)?
-5
Suppose -1 = -b - 6. Let r(l) = 8*l**3 + 6*l**2 + 7*l - l**3 + 1 - 6*l**3. Give r(b).
-9
Let f = -3 - 4. Let z(s) = 3*s + 1. Let m(x) = -x + 1. Let r(j) = -7*j - 7. Let c(a) = -3*m(a) - r(a). Let h(k) = f*z(k) + 2*c(k). Calculate h(-2).
3
Let k be (-15)/9*(-2 - -5). Let n(o) = o**3 + 5*o**2 - o + 7. Let r(m) = -m + 1. Let a(h) = n(h) - 2*r(h). Calculate a(k).
0
Let l(f) be the first derivative of -f**6/120 + 2*f**3/3 - f**2/2 - 3. Let o(h) be the second derivative of l(h). Determine o(0).
4
Let c(x) = 4*x**3 - 3*x**3 + 5*x - 2*x**2 + 7*x**2. Determine c(-4).
-4
Let a(m) = 2 + 3 - 16 + m + 6. Calculate a(-6).
-11
Suppose -2*q + 30 = -0*q. Suppose 5*b + 3*g - 25 = -2*g, 3*b - g - q = 0. Let w(v) = -b*v**3 + 4*v**3 + 0*v - 4*v**2 + 2*v. Give w(-4).
-8
Let p(k) = -k - 2. Let i be p(-5). Let o(z) be the first derivative of z**4/4 - z**3/3 - 3*z**2/2 - 3*z - 6. Calculate o(i).
6
Let p(r) = -2*r - 6. Let b be p(-6). Let s(l) be the third derivative of l**5/60 - 3*l**4/8 + l**3 - 29*l**2. Calculate s(b).
-12
Let i(t) = -2*t. Let r(b) = -b**3 + 4*b**2 - 4*b + 2. Let c be r(2). Suppose 0 = -2*g - 3*a - 13, -g + 13 = -7*a + c*a. Give i(g).
4
Let v = -5 - -7. Let u = v + -1. Suppose -2*j - 5 = 3*r, -2*j = -4*r - u - 29. Let i(n) = n + 2. Give i(j).
7
Let g(c) be the second derivative of c**5/120 + c**4/24 - c**3/6 + 3*c. Let h(w) be the second derivative of g(w). Calculate h(-2).
-1
Let y(j) = -1 + 2*j + 3*j + 4 - 5. Let n be y(5). Suppose -n + 3 = -5*h. Let x(v) = v - 4. Give x(h).
0
Let f(n) = 5*n - 21. Let v(d) = d - 5. Let k(z) = 2*f(z) - 9*v(z). Let a = -2 + 2. Calculate k(a).
3
Let v(q) = q**3 + 3*q**2 - q - 2. Let y(a) = a**2 + 4*a. Let l(x) = -x**2 + 8*x - 3. Let o be l(8). Let t be y(o). What is v(t)?
1
Let h(s) be the third derivative of -s**4/24 + s**3/6 - s**2. Let f be h(-1). Let j(l) = 5 - 2*l + l**2 + 0 + 0*l**f - 4. Determine j(3).
4
Let d(h) = 2*h**3 - 4*h**2 + 2*h + 2. Let b(k) = k - 5. Let q be b(5). Suppose q = 4*l - 2 - 6. Determine d(l).
6
Let g(t) = -t**2 - 3*t - 2. Suppose 10 = -2*a + 6. Determine g(a).
0
Let k(z) = 5*z**3 - z**2 + z - 1. Let n be (-9 - 1)/(-6 - -4). Let u = n + -6. Let o be u*(-2)/(2 + 0). Determine k(o).
4
Let m(x) = 2*x + 5. Let c(s) = s + 8. Let i be c(-8). Suppose i*j = 2*j + 12. Determine m(j).
-7
Let u(l) = -1 + 4 + 2*l - 3*l**3 - 4*l**2 + 2*l**3. Let h = 7 - 11. Let z be h*(-3)/(3 + -6). What is u(z)?
-5
Let x(t) = t**2 - 10*t. Let d be 18/(-4)*(2 - 4). Let g be x(d). Let b be (g/(-6))/(3/8). Let i(w) = -w**3 + 4*w**2 - 2*w. What is i(b)?
-8
Let i(j) be the third derivative of -j**8/20160 - j**6/120 + 7*j**5/60 + 8*j**2. Let n(p) be the third derivative of i(p). Determine n(0).
-6
Let r be 2/6*(6 - -6). Suppose -4*u + r - 8 = 0. Let t be u - 0 - (0 + 0). Let c(a) = -a - 1. What is c(t)?
0
Let x(t) be the second derivative of -t**5/10 - t**4/4 - t**3/3 - t**2 + t. Calculate x(-2).
6
Let f(u) be the first derivative of -u**3/3 - 4*u - 1. Let s(o) = -9*o - 72. Let j be s(-8). Determine f(j).
-4
Let x(b) be the second derivative of 2/3*b**3 + 0 - 2*b**2 + 2*b + 1/12*b**4. What is x(-5)?
1
Let p(u) = -u**3 + u. Let t(z) = 2*z**3 + 2*z**2 - z - 1. Let i(n) = 3*p(n) + 2*t(n). Calculate i(-2).
4
Let h(n) = -n - 11. Let b be h(-9). Let m(q) = 2*q + 1. What is m(b)?
-3
Let u(i) be the first derivative of 6 + 0*i - 2*i - i + i**2. Give u(-3).
-9
Suppose 0 = -2*w + 4*w - 8. Let i(a) = 6*a**2 + 4*a + 4. Let n(o) = o**2 + o + 1. Let s(b) = -3*i(b) + 16*n(b). Give s(w).
-12
Let i = -33/20 - -17/10. Let a(b) be the third derivative of 0*b + i*b**5 - 1/12*b**4 + b**2 + 0 + 1/6*b**3. Give a(1).
2
Let w(q) be the first derivative of -q**4/4 - 10*q**3/3 - 4*q**2 - 10*q - 35. Give w(-9).
-19
Let a(l) = 1. Let b(h) = -h**2 - h + 6. Let i(c) = 6*a(c) - b(c). Determine i(-2).
2
Let m(u) = 2*u + 2. Let i(x) = x - 5. Let p be i(7). Let f be (p/(-4))/(1/6). Give m(f).
-4
Let j(g) be the third derivative of g**4/4 - 3*g**3/2 - 41*g**2. Determine j(6).
27
Suppose 6*f - 2*f = -2*g + 38, -4*f - 4*g + 48 = 0. Let m(s) = s**2 - 7*s + 9. Determine m(f).
9
Let h(x) = -x**2 + 1. Let i(v) = v**2 - 2*v + 2. Let a(l) = -4*h(l) + i(l). Give a(2).
14
Suppose 5 = b - 0. Suppose -3*g + b*g = 4. Let o(d) = 2 - 3*d**g + 4*d - 5*d - d**3 + 4*d. Give o(-3).
-7
Let g(a) be the third derivative of a**4/24 - 3*a**2. Let k(i) = 2*i. Let n(b) = -g(b) + k(b). Determine n(0).
0
Let b(k) = 6 + 5*k - 3*k + 0. Suppose -4*l + 36 = -2*l. Suppose 0*h - 3*h = l. Give b(h).
-6
Let m(h) = -h**3 - h**2 + 3. Let k(i) = -5*i**3 - 4*i**2 + i + 13. Let g(f) = 2*k(f) - 9*m(f). What is g(2)?
-1
Let d(s) be the first derivative of s**3/3 - s**2/2 - s + 1. What is d(0)?
-1
Let l(s) = 5*s + 1. Let q(p) = 4*p + 1. Let n(j) = 2*l(j) - 3*q(j). Determine n(2).
-5
Let j(s) = s**3 - 6169 - s + 6169. Give j(1).
0
Suppose 36*a - 40*a - 8 = 0. Let w(i) = 2*i**3 + 3*i**2 + 4*i + 3. Give w(a).
-9
Let z(h) = -h - 2. Let s(w) = w + 3. Let j be s(0). Suppose k = -j*k - 20. What is z(k)?
3
Let y = -465 + 459. Let f(s) = 8 + s - 5 + 7. Let k(w) = 3*w + 29. Let d(v) = 8*f(v) - 3*k(v). Determine d(y).
-1
Let q(d) = -d + 11. Let t be q(7). Let o(y) be the third derivative of y**2 + 0 + 1/24*y**t + 0*y - 1/6*y**3. What is o(-2)?
-3
Let y = 7 - 5. Let f(c) = -c + 6 - y*c + 5*c. Suppose -12 = -347*z + 350*z. Determine f(z).
-2
Let n(k) = 4*k + 3*k + 4 + k**2 - 6*k. Let b(q) = 0 + 0*q - 4*q + 1. Let s be b(1). Determine n(s).
10
Let m(j) be the second derivative of -j**5/20 - j**4/12 - j**3/6 - 11*j**2/2 + 13*j. Give m(0).
-11
Let o(y) be the second derivative of -y**3/6 + y**2 + 36*y. Suppose 0 = 3*z - 0*z + 18. Give o(z).
8
Let n be (-60)/(-70)*(-7 - 0). Let r(h) = h**2 + 5*h - 5. Give r(n).
1
Let l(u) = 11*u - 7. Let b(r) = 5*r - 3. Let w(